vative of -3*r**5/20 - r**4/6 + r**3/6 + r**2/2 - r. Let v = -73 - -115. What is the remainder when v is divided by g(-2)?
12
Suppose -3*t + 550 = 5*b, 20*b + 3*t - 122 = 19*b. Calculate the remainder when b is divided by 36.
35
Let i be (-69)/(-18) + -1 - 2/(-12). Suppose -4*d + i*d + 7 = 0. Calculate the remainder when d is divided by 5.
2
Let v = 318 - 289. Calculate the remainder when 99 is divided by v.
12
Let s(u) = 4*u - 27. Let l(v) = -8*v - 37. What is the remainder when s(14) is divided by l(-7)?
10
Let f = -68 + 42. What is the remainder when f*(-8)/4*1 is divided by (3 + -5)/(2/(-14))?
10
Let q = 48 + -22. Calculate the remainder when q is divided by 16.
10
Suppose -91 = -5*f - 2*c, 0*f - 3*f + 39 = -4*c. Suppose -73 = -5*y + 3*g + g, 36 = 3*y - 5*g. Let s = -11 + y. Calculate the remainder when f is divided by s.
5
Suppose -3*z + t + 24 = 0, 4*z + 0*z = 3*t + 27. Suppose 8*r = 3 + 21. Calculate the remainder when z is divided by r.
0
Let x(u) = -26*u + 454. Calculate the remainder when 164 is divided by x(17).
8
Suppose 1 = i + 5*g, 0*g = -i - 3*g + 5. What is the remainder when 64 is divided by i?
9
Suppose 9*p - 262 = 170. Suppose -2*r - p = -2*o, -2*r = 3*o + 3*r - 40. Calculate the remainder when (-218)/(-6) - 2/6 is divided by o.
16
Suppose -16*g + 190 = -114. Calculate the remainder when 53 is divided by g.
15
Suppose -4*k + 3*o + 144 = -o, k + o = 46. Calculate the remainder when k is divided by 10.
1
Let i(x) = x**3 + 8*x**2 - 6*x - 25. What is the remainder when i(3) is divided by 18?
2
Let a = 64 - -5. Suppose 2*h - a = -h. Suppose 3*w = 2*i - 188, 0*i = 3*i - 3*w - 279. What is the remainder when i is divided by h?
22
Let z(o) = -3*o**3 - 5*o + 6*o + 2 + 25 + o**2 + o**3. What is the remainder when 188 is divided by z(0)?
26
Let v(x) = -x**3 + 16 + 15 - 7*x**2 - 13*x**2 - 7 - 18*x. Calculate the remainder when 38 is divided by v(-19).
3
Let t(z) = 2*z**2 - 26*z + 15. Suppose 8*r - 7*r - 13 = 0. What is the remainder when 89 is divided by t(r)?
14
Let d = 37 + -23. Let i = d - -1. Let x = 28 + i. Calculate the remainder when x is divided by 11.
10
Suppose -4*d + d = -18. Let x(v) = -v**2 - 9*v - 4. Let j be x(-8). Suppose -19 = -y + j*h - 2*h, 5*y - h = 140. Calculate the remainder when y is divided by d.
5
Let t be 2/(-9) - (-94)/18. Suppose -29 = -4*m - t. Suppose -2*d = -m, -3*v + d - 14 = -53. What is the remainder when 53 is divided by v?
11
Calculate the remainder when (2 + 3)*95*(-21)/(-75) is divided by 23.
18
Calculate the remainder when ((-18)/4 - 0)/(1977/(-13180)) is divided by 16.
14
Let b = -942 - -501. Let f = b + -1223. What is the remainder when 71 is divided by (-2)/7 + f/(-91)?
17
Suppose 15 = 4*m + 7. Suppose -m*b - 88 = -s - s, 0 = 5*b + 25. Calculate the remainder when 115 is divided by s.
37
Let o = -73 + 107. Let w = 2115 + -2051. What is the remainder when w is divided by o?
30
Let r be 9/3 - (-21)/(-1). Let s = 31 + r. Let b = -4 + s. Calculate the remainder when 16 is divided by b.
7
Let z be (1 - -1)*(-32 - -1). Let w = z - -113. What is the remainder when w is divided by -8*(-81)/42*70/60?
15
Suppose -34 = -2*n + 4*c, 2*n - 33 = -3*n - 3*c. Let q(d) = -n*d + 14 + 18*d**2 - 17*d**2 + 0*d. Calculate the remainder when q(12) is divided by 13.
11
Suppose 9 = 64*t - 67*t. Let w(r) = -3*r**3 - 7*r**2 + 3*r + 6. What is the remainder when 41 is divided by w(t)?
11
Suppose -3*n + 23 = 4*u, -3*u - n = -u - 11. Suppose -2*v + u*d = -14, 4*v = v + 2*d + 32. Calculate the remainder when 46 is divided by v.
10
Let v = 19 + -4. Let p(y) = 3*y**3 + 2*y**2 - 5*y + 2. Let f be p(3). Suppose -2*b + f = -0*b. Calculate the remainder when b is divided by v.
13
Let n(x) = x**3 + 3*x**2 + 2*x. Let i be n(-3). Suppose -67 + 2 = 13*s. What is the remainder when 7 is divided by (i + 1 + s)/(-2)?
2
Let h(p) = -56*p + 29. Calculate the remainder when h(-3) is divided by 22.
21
Suppose 4*r - 164 = 4*q, -3*q - 6 - 3 = 0. Calculate the remainder when (950/5 - 0) + -6 - -3 is divided by r.
35
Let x(v) = -v**2 + 2*v + 3. Let q be x(0). Calculate the remainder when (-4041)/(-27) - (q/(-3))/3 is divided by 51.
48
Suppose 241*t - 235*t - 2610 = 0. What is the remainder when t is divided by 73?
70
Let u(j) = 4*j - 82. Suppose 44 = 2*f - 2*l - 0*l, -4*l - 13 = -f. What is the remainder when 83 is divided by u(f)?
11
Suppose -13 = -3*z + 62. Calculate the remainder when z is divided by 15.
10
Let h(c) = 5*c - 2. Let x be (-12)/(-10)*2/(8/10). Let y = 94 - 43. Calculate the remainder when y is divided by h(x).
12
Suppose -4*a + 25 = r, a = -a + 3*r - 5. Let n(f) = -2*f**3 - 2*f**2 + 2*f + 6. What is the remainder when n(-2) is divided by a?
0
Suppose 3*z + 3*z - 108 = 0. What is the remainder when 71 is divided by z?
17
Suppose 2*q - 3*l = 6, -l + 2*l = -3*q + 9. Calculate the remainder when (-1)/q + 634/3 + 1 is divided by 43.
40
What is the remainder when 208 is divided by (-180)/(-135) + (-86)/(-3)?
28
Let g = 78 + 160. Calculate the remainder when g is divided by 8.
6
Let s(q) = 2*q**2 - 14*q - 7. Calculate the remainder when 271 is divided by s(8).
1
Let l(f) = -f**3 + 12*f**2 - 11*f + 2. Suppose -38 = -4*c + 6. Let p be l(c). Suppose 0 = 2*h + p*h - 68. Calculate the remainder when 33 is divided by h.
16
Let h be ((-114)/(-8))/((-36)/(-96)). Let i = h - -38. What is the remainder when i is divided by 21?
13
Let u(d) = d**2 - 16*d + 10. Let k be 0 - 65 - (-18)/(-6). Let i be k/(-8)*(1 + 1). What is the remainder when 79 is divided by u(i)?
25
What is the remainder when (-51)/4*1540/(-231) is divided by 31?
23
Let m(z) = 16*z**2 - 3*z + 1. Let r be 2/6 + -4*(-8)/48. Calculate the remainder when 35 is divided by m(r).
7
Let s(f) = f**3 - 8*f**2 - 6*f - 5. Let r be s(9). Let m = -10 + r. Calculate the remainder when ((-7)/(-4))/(9/(-972)*-9) is divided by m.
9
Let x(c) = 2*c - 5. Suppose -p + w - 5*w + 12 = 0, -5*p = 5*w - 30. What is the remainder when 10 is divided by x(p)?
1
Let v = -1397 - -1540. What is the remainder when v is divided by 43?
14
Suppose -3*c - 239 = -344. What is the remainder when 101 is divided by c?
31
Suppose -2*g - 50 = -3*h + h, -5*h + 137 = g. What is the remainder when 103 + (-6)/(-9)*3 is divided by h?
24
Let w = 87 - 58. Let j(p) = -p**3 + 25*p**2 + 23*p + 93. Calculate the remainder when w is divided by j(26).
14
Calculate the remainder when ((-1)/(-3))/((-10)/(-2220)) is divided by 3.
2
Suppose -41 = o - 4*o + 2*r, 57 = 4*o - 5*r. Suppose -5*u = 2*q - 112, -5*q - 140 = -8*u + 3*u. What is the remainder when u is divided by o?
11
Suppose -4*b + 5 = -27. Suppose 0 = -5*w + 3*y + 179, 4*y - b = -0*y. What is the remainder when w is divided by ((-21)/(-4))/(12/32)?
9
Suppose 0 = 4*s - 218 + 14. Suppose -l = -5*l - 2*x + 44, -17 = -l + x. What is the remainder when s is divided by l?
12
Let d be 10/(-5)*((-9)/(-2) + 1). Let t = d + 35. What is the remainder when 71 is divided by t?
23
Suppose -o = 2 - 5. Calculate the remainder when o is divided by 2.
1
Suppose -3*f = 71 - 14. Let b = f - -58. What is the remainder when b is divided by 15?
9
What is the remainder when (-53)/((-1)/((-20)/(-5))) is divided by 43?
40
Let l(o) = o**2 - o - 7. Let y be l(7). Suppose t = m - 1, 4*t - y = -t - 5*m. Calculate the remainder when 13 is divided by t.
1
Suppose -4*d - 4*d = -672. Suppose -m = -5*s + 81, -7*s = -3*s + 4*m - d. Calculate the remainder when 58 is divided by s.
7
Calculate the remainder when 28 is divided by (-5*(-6)/105)/(8/280).
8
Let r = -5995 + 6017. Calculate the remainder when (0 - -111)*4/6 is divided by r.
8
Let a = -12 + 51. Let f(k) = -3*k**2 - 10*k - 5. Let i be f(-4). Let h = 23 + i. What is the remainder when a is divided by h?
9
Suppose -4*t = -4*o + 1744, 2*o - 4*t - 403 - 461 = 0. Calculate the remainder when o is divided by 17.
15
Suppose -3*i = 2*n + 40 - 14, -4 = -2*n. Let a(m) = -4*m - 21. What is the remainder when a(i) is divided by 10?
9
Suppose 3*b - 2*b + 3 = -2*p, 0 = 4*b + 4*p. Suppose 3*y - 106 = -2*k, 0 = -b*k - 0*k - y + 159. Let s = 46 - 19. What is the remainder when k is divided by s?
26
Let n = 269 - 246. What is the remainder when 90 is divided by n?
21
Let a be 1/2 - (-837)/(-18). What is the remainder when 7 is divided by 51/(-68) + a/(-8)?
2
Suppose 0 = -2*t